3, 5, 17, 37
List the prime factors of 15834918.
2, 3, 11, 79, 3037
What are the prime factors of 96259?
96259
What are the prime factors of 16952420?
2, 5, 847621
List the prime factors of 47945.
5, 43, 223
List the prime factors of 2035761.
3, 7, 13, 7457
List the prime factors of 1757385.
3, 5, 7, 797
List the prime factors of 3764566.
2, 13, 144791
What are the prime factors of 8708693?
7, 1244099
What are the prime factors of 549934?
2, 7, 11, 3571
List the prime factors of 614810.
2, 5, 7, 8783
What are the prime factors of 1053647?
7, 21503
What are the prime factors of 35218736?
2, 7, 314453
What are the prime factors of 677364?
2, 3, 47, 1201
List the prime factors of 264870.
2, 3, 5, 109
What are the prime factors of 199681?
233, 857
List the prime factors of 21072289.
7, 83, 36269
What are the prime factors of 263692?
2, 11, 13, 461
List the prime factors of 12313245.
3, 5, 7, 117269
List the prime factors of 66977.
66977
What are the prime factors of 4896047?
13, 31, 12149
List the prime factors of 1642306.
2, 821153
What are the prime factors of 6162533?
13, 109, 4349
What are the prime factors of 11265310?
2, 5, 7, 160933
List the prime factors of 5395800.
2, 3, 5, 17, 23
List the prime factors of 1293941.
11, 79, 1489
List the prime factors of 5087245.
5, 1017449
List the prime factors of 9087070.
2, 5, 23, 39509
List the prime factors of 16635225.
3, 5, 137, 1619
List the prime factors of 2093744.
2, 130859
List the prime factors of 1155829.
1155829
What are the prime factors of 2228938?
2, 17, 65557
What are the prime factors of 2803667?
2803667
List the prime factors of 805180.
2, 5, 127, 317
What are the prime factors of 7076980?
2, 5, 107, 3307
List the prime factors of 3967034.
2, 1367, 1451
What are the prime factors of 3502761?
3, 1167587
What are the prime factors of 965469?
3, 321823
List the prime factors of 6424120.
2, 5, 160603
List the prime factors of 568840.
2, 5, 14221
What are the prime factors of 1396803?
3, 563, 827
List the prime factors of 289449.
3, 29, 1109
What are the prime factors of 361791?
3, 61, 659
List the prime factors of 49368.
2, 3, 11, 17
List the prime factors of 16385.
5, 29, 113
List the prime factors of 9678778.
2, 73, 66293
What are the prime factors of 381361?
17, 22433
What are the prime factors of 909694?
2, 454847
List the prime factors of 99835.
5, 41, 487
List the prime factors of 4263320.
2, 5, 53, 2011
What are the prime factors of 19305?
3, 5, 11, 13
What are the prime factors of 13209?
3, 7, 17, 37
List the prime factors of 407913.
3, 11, 47, 263
What are the prime factors of 5770927?
19, 37, 8209
What are the prime factors of 536938?
2, 67, 4007
List the prime factors of 2690560.
2, 5, 1051
List the prime factors of 102766.
2, 51383
What are the prime factors of 23734911?
3, 1231, 6427
What are the prime factors of 279951?
3, 7, 13331
What are the prime factors of 10496779?
41, 256019
List the prime factors of 14600590.
2, 5, 1460059
List the prime factors of 7364461.
13, 41, 337
List the prime factors of 2678605.
5, 17, 31513
What are the prime factors of 4866636?
2, 3, 405553
List the prime factors of 4425467.
31, 142757
What are the prime factors of 1494326?
2, 157, 4759
List the prime factors of 39949.
7, 13, 439
List the prime factors of 3700077.
3, 61, 20219
What are the prime factors of 26374764?
2, 3, 13, 169069
What are the prime factors of 4078424?
2, 7, 67, 1087
List the prime factors of 2312861.
2312861
What are the prime factors of 727618?
2, 363809
What are the prime factors of 405174?
2, 3, 7, 11, 877
What are the prime factors of 1138306?
2, 13, 43781
What are the prime factors of 621663?
3, 7, 4229
List the prime factors of 3544006.
2, 1772003
What are the prime factors of 2158261?
7, 308323
What are the prime factors of 18891219?
3, 6297073
List the prime factors of 21192585.
3, 5, 113, 12503
List the prime factors of 14386653.
3, 47, 3779
List the prime factors of 710033.
23, 30871
What are the prime factors of 1232891?
11, 17, 19, 347
List the prime factors of 190274.
2, 7, 13591
What are the prime factors of 7496317?
19, 41, 9623
What are the prime factors of 1364298?
2, 3, 13, 17491
List the prime factors of 536032.
2, 7, 2393
List the prime factors of 2180499.
3, 563, 1291
List the prime factors of 8330985.
3, 5, 13, 47, 101
What are the prime factors of 14592866?
2, 547, 13339
List the prime factors of 1234833.
3, 411611
What are the prime factors of 4477643?
47, 2027
List the prime factors of 11537651.
23, 501637
List the prime factors of 137128.
2, 61, 281
List the prime factors of 2056487.
113, 18199
List the prime factors of 13960387.
7, 1994341
What are the prime factors of 3117679?
3117679
What are the prime factors of 1989689?
13, 41, 3733
What are the prime factors of 8758?
2, 29, 151
What are the prime factors of 6681878?
2, 7, 477277
What are the prime factors of 9692368?
2, 7, 86539
What are the prime factors of 1238784?
2, 3, 1613
What are the prime factors of 205093?
7, 83, 353
What are the prime factors of 1117539?
3, 124171
List the prime factors of 2870880.
2, 3, 5, 5981
List the prime factors of 18806.
2, 9403
List the prime factors of 280392.
2, 3, 7, 1669
List the prime factors of 2425255.
5, 7, 19, 521
List the prime factors of 828364.
2, 41, 5051
List the prime factors of 491826.
2, 3, 81971
What are the prime factors of 948363?
3, 13, 24317
List the prime factors of 1034975.
5, 41399
List the prime factors of 2120076.
2, 3, 7, 47, 179
What are the prime factors of 13118830?
2, 5, 73, 17971
What are the prime factors of 10000571?
7, 719, 1987
What are the prime factors of 181717?
181717
List the prime factors of 962582.
2, 211, 2281
What are the prime factors of 2372312?
2, 23, 12893
What are the prime factors of 1874702?
2, 937351
List the prime factors of 4528088.
2, 566011
List the prime factors of 13441403.
89, 151027
What are the prime factors of 901608?
2, 3, 37567
What are the prime factors of 4063283?
7, 19, 137, 223
List the prime factors of 1805265.
3, 5, 7, 11, 521
List the prime factors of 2171205.
3, 5, 1787
What are the prime factors of 5009402?
2, 29, 86369
What are the prime factors of 1411618?
2, 13, 54293
What are the prime factors of 6551395?
5, 1310279
What are the prime factors of 21057613?
349, 60337
List the prime factors of 3544524.
2, 3, 98459
List the prime factors of 7652.
2, 1913
List the prime factors of 28120863.
3, 9373621
What are the prime factors of 9187469?
19, 483551
List the prime factors of 1102503.
3, 367501
What are the prime factors of 732598?
2, 17, 29, 743
List the prime factors of 5680105.
5, 83, 13687
List the prime factors of 1000755.
3, 5, 7, 353
List the prime factors of 1049140.
2, 5, 52457
What are the prime factors of 1280582?
2, 29, 22079
What are the prime factors of 2817301?
19, 148279
List the prime factors of 1180826.
2, 59, 10007
List the prime factors of 1029889.
7, 167, 881
What are the prime factors of 4535320?
2, 5, 113383
List the prime factors of 530597.
530597
List the prime factors of 4682516.
2, 47, 24907
List the prime factors of 426100.
2, 5, 4261
What are the prime factors of 129036?
2, 3, 10753
List the prime factors of 410402.
2, 205201
List the prime factors of 195688.
2, 61, 401
What are the prime factors of 771549?
3, 43, 5981
List the prime factors of 783995.
5, 156799
List the prime factors of 2690330.
2, 5, 29, 9277
What are the prime factors of 2801816?
2, 19, 18433
List the prime factors of 4067139.
3, 1355713
What are the prime factors of 8741?
8741
List the prime factors of 335705.
5, 67141
List the prime factors of 1970716.
2, 11, 44789
What are the prime factors of 13801872?
2, 3, 7, 41077
List the prime factors of 14399130.
2, 3, 5, 479971
List the prime factors of 25559910.
2, 3, 5, 89, 3191
List the prime factors of 2894261.
953, 3037
What are the prime factors of 325474?
2, 109, 1493
What are the prime factors of 2276976?
2, 3, 13, 41, 89
What are the prime factors of 129564?
2, 3, 59, 61
What are the prime factors of 458114?
2, 23, 433
List the prime factors of 2635837.
31, 85027
List the prime factors of 6466722.
2, 3, 197, 5471
List the prime factors of 10673354.
2, 563, 9479
List the prime factors of 18963893.
13, 491, 2971
What are the pr